161.118.206.255 - - [22/Sep/2026:14:54:07 +0300] "GET /wp-content/themes/ashe/content-index.php HTTP/1.1" 404 796 "-" "Go-http-client/1.1"
161.118.206.255 - - [22/Sep/2026:14:54:07 +0300] "GET /wp-content/themes/inspiro/content-index.php HTTP/1.1" 404 796 "-" "Go-http-client/1.1"
161.118.206.255 - - [22/Sep/2026:14:54:08 +0300] "GET /wp-content/themes/blossom-coach/content-index.php HTTP/1.1" 404 796 "-" "Go-http-client/1.1"
161.118.206.255 - - [22/Sep/2026:14:54:08 +0300] "GET /wp-content/themes/twentyfourteen/content-index.php HTTP/1.1" 404 796 "-" "Go-http-client/1.1"
217.216.38.217 - - [22/Sep/2026:14:54:08 +0300] "GET /wp-includes/Text/Diff/Engine/ HTTP/1.1" 200 863 "binance.com" "Mozilla/5.0 (Windows NT 10.0; Win64; x64) AppleWebKit/537.36 (KHTML, like Gecko) Chrome/90.0.4430.85 Safari/537.36"
161.118.206.255 - - [22/Sep/2026:14:54:08 +0300] "GET /wp-content/themes/twentytwentytwo/content-index.php HTTP/1.1" 404 796 "-" "Go-http-client/1.1"
161.118.206.255 - - [22/Sep/2026:14:54:08 +0300] "GET /wp-content/themes/parabola/content-index.php HTTP/1.1" 404 796 "-" "Go-http-client/1.1"
161.118.206.255 - - [22/Sep/2026:14:54:09 +0300] "GET /wp-content/themes/twentysixteen/content-index.php HTTP/1.1" 404 796 "-" "Go-http-client/1.1"
161.118.206.255 - - [22/Sep/2026:14:54:09 +0300] "GET /wp-content/themes/classic/content-index.php HTTP/1.1" 404 796 "-" "Go-http-client/1.1"
161.118.206.255 - - [22/Sep/2026:14:54:09 +0300] "GET /wp-content/themes/consultup/content-index.php HTTP/1.1" 404 796 "-" "Go-http-client/1.1"
161.118.206.255 - - [22/Sep/2026:14:54:09 +0300] "GET /wp-includes/Requests/src/Utility/index.php HTTP/1.1" 404 796 "-" "Go-http-client/1.1"
161.118.206.255 - - [22/Sep/2026:14:54:09 +0300] "GET /wp-admin/includes/config.php HTTP/1.1" 404 796 "-" "Go-http-client/1.1"
161.118.206.255 - - [22/Sep/2026:14:54:10 +0300] "GET /wp-admin/maint/config.php HTTP/1.1" 404 796 "-" "Go-http-client/1.1"
161.118.206.255 - - [22/Sep/2026:14:54:10 +0300] "GET /wp-admin/init.php HTTP/1.1" 404 796 "-" "Go-http-client/1.1"
217.216.38.217 - - [22/Sep/2026:14:54:10 +0300] "GET /wp-includes/Text/Diff/Engine/ HTTP/1.1" 200 863 "binance.com" "Mozilla/5.0 (Windows NT 10.0; Win64; x64) AppleWebKit/537.36 (KHTML, like Gecko) Chrome/90.0.4430.85 Safari/537.36"
161.118.206.255 - - [22/Sep/2026:14:54:10 +0300] "GET /wp-admin/settings.php HTTP/1.1" 404 796 "-" "Go-http-client/1.1"
161.118.206.255 - - [22/Sep/2026:14:54:10 +0300] "GET /wp-admin/wp-config.php HTTP/1.1" 404 796 "-" "Go-http-client/1.1"
161.118.206.255 - - [22/Sep/2026:14:54:10 +0300] "GET /wp-admin/css/admin.php HTTP/1.1" 404 796 "-" "Go-http-client/1.1"
161.118.206.255 - - [22/Sep/2026:14:54:11 +0300] "GET /wp-admin/css/config.php HTTP/1.1" 404 796 "-" "Go-http-client/1.1"
161.118.206.255 - - [22/Sep/2026:14:54:11 +0300] "GET /wp-admin/wp-config-backup.php HTTP/1.1" 404 796 "-" "Go-http-client/1.1"
161.118.206.255 - - [22/Sep/2026:14:54:11 +0300] "GET /wp-admin/user/config.php HTTP/1.1" 404 796 "-" "Go-http-client/1.1"
161.118.206.255 - - [22/Sep/2026:14:54:11 +0300] "GET /wp-admin/wp-load.php HTTP/1.1" 404 796 "-" "Go-http-client/1.1"
161.118.206.255 - - [22/Sep/2026:14:54:12 +0300] "GET /wp-admin/login.php HTTP/1.1" 404 796 "-" "Go-http-client/1.1"
161.118.206.255 - - [22/Sep/2026:14:54:12 +0300] "GET /wp-admin/network/config.php HTTP/1.1" 404 796 "-" "Go-http-client/1.1"
161.118.206.255 - - [22/Sep/2026:14:54:12 +0300] "GET /wp-admin/config.php HTTP/1.1" 404 796 "-" "Go-http-client/1.1"
161.118.206.255 - - [22/Sep/2026:14:54:12 +0300] "GET /wp-admin/images/admin.php HTTP/1.1" 404 796 "-" "Go-http-client/1.1"
161.118.206.255 - - [22/Sep/2026:14:54:12 +0300] "GET /wp-admin/images/config.php HTTP/1.1" 404 796 "-" "Go-http-client/1.1"
161.118.206.255 - - [22/Sep/2026:14:54:13 +0300] "GET /wp-includes/blocks/social-links/config.php HTTP/1.1" 404 796 "-" "Go-http-client/1.1"
161.118.206.255 - - [22/Sep/2026:14:54:13 +0300] "GET /wp-includes/blocks/comment-date/config.php HTTP/1.1" 404 796 "-" "Go-http-client/1.1"
161.118.206.255 - - [22/Sep/2026:14:54:13 +0300] "GET /wp-includes/blocks/avatar/config.php HTTP/1.1" 404 796 "-" "Go-http-client/1.1"
161.118.206.255 - - [22/Sep/2026:14:54:13 +0300] "GET /wp-includes/blocks/comments-pagination-previous/config.php HTTP/1.1" 404 796 "-" "Go-http-client/1.1"
161.118.206.255 - - [22/Sep/2026:14:54:14 +0300] "GET /wp-includes/blocks/query-pagination-numbers/config.php HTTP/1.1" 404 796 "-" "Go-http-client/1.1"
161.118.206.255 - - [22/Sep/2026:14:54:14 +0300] "GET /wp-includes/blocks/comment-template/config.php HTTP/1.1" 404 796 "-" "Go-http-client/1.1"
161.118.206.255 - - [22/Sep/2026:14:54:14 +0300] "GET /wp-includes/blocks/shortcode/config.php HTTP/1.1" 404 796 "-" "Go-http-client/1.1"
161.118.206.255 - - [22/Sep/2026:14:54:14 +0300] "GET /wp-includes/blocks/config.php HTTP/1.1" 404 796 "-" "Go-http-client/1.1"
217.216.38.217 - - [22/Sep/2026:14:54:14 +0300] "GET /wp-includes/Text/Diff/Renderer/ HTTP/1.1" 200 785 "binance.com" "Mozilla/5.0 (Windows NT 10.0; Win64; x64) AppleWebKit/537.36 (KHTML, like Gecko) Chrome/90.0.4430.85 Safari/537.36"
161.118.206.255 - - [22/Sep/2026:14:54:14 +0300] "GET /wp-includes/wp-load.php HTTP/1.1" 404 796 "-" "Go-http-client/1.1"
161.118.206.255 - - [22/Sep/2026:14:54:15 +0300] "GET /wp-includes/login.php HTTP/1.1" 404 796 "-" "Go-http-client/1.1"
161.118.206.255 - - [22/Sep/2026:14:54:15 +0300] "GET /wp-includes/config.php HTTP/1.1" 404 796 "-" "Go-http-client/1.1"
161.118.206.255 - - [22/Sep/2026:14:54:15 +0300] "GET /wp-content/w3tc-config/index.php HTTP/1.1" 404 796 "-" "Go-http-client/1.1"
161.118.206.255 - - [22/Sep/2026:14:54:15 +0300] "GET /wp-content/w3tc-config/config.php HTTP/1.1" 404 796 "-" "Go-http-client/1.1"
217.216.38.217 - - [22/Sep/2026:14:52:54 +0300] "GET /wp-includes/class-wp-speculation-rules.php HTTP/1.1" 403 787 "binance.com" "Mozilla/5.0 (Windows NT 10.0; Win64; x64) AppleWebKit/537.36 (KHTML, like Gecko) Chrome/90.0.4430.85 Safari/537.36"
217.216.38.217 - - [22/Sep/2026:14:53:06 +0300] "GET /wp-includes/class-wp-theme-json-resolver.php HTTP/1.1" 403 787 "binance.com" "Mozilla/5.0 (Windows NT 10.0; Win64; x64) AppleWebKit/537.36 (KHTML, like Gecko) Chrome/90.0.4430.85 Safari/537.36"
217.216.38.217 - - [22/Sep/2026:14:53:07 +0300] "GET /wp-includes/class-wp-theme-json-schema.php HTTP/1.1" 403 787 "binance.com" "Mozilla/5.0 (Windows NT 10.0; Win64; x64) AppleWebKit/537.36 (KHTML, like Gecko) Chrome/90.0.4430.85 Safari/537.36"
217.216.38.217 - - [22/Sep/2026:14:53:12 +0300] "GET /wp-includes/class-wp-token-map.php HTTP/1.1" 403 787 "binance.com" "Mozilla/5.0 (Windows NT 10.0; Win64; x64) AppleWebKit/537.36 (KHTML, like Gecko) Chrome/90.0.4430.85 Safari/537.36"
217.216.38.217 - - [22/Sep/2026:14:53:24 +0300] "GET /wp-includes/fonts.php HTTP/1.1" 403 787 "binance.com" "Mozilla/5.0 (Windows NT 10.0; Win64; x64) AppleWebKit/537.36 (KHTML, like Gecko) Chrome/90.0.4430.85 Safari/537.36"
217.216.38.217 - - [22/Sep/2026:14:53:27 +0300] "GET /wp-includes/https-detection.php HTTP/1.1" 403 787 "binance.com" "Mozilla/5.0 (Windows NT 10.0; Win64; x64) AppleWebKit/537.36 (KHTML, like Gecko) Chrome/90.0.4430.85 Safari/537.36"
217.216.38.217 - - [22/Sep/2026:14:53:31 +0300] "GET /wp-includes/icons.php HTTP/1.1" 403 787 "binance.com" "Mozilla/5.0 (Windows NT 10.0; Win64; x64) AppleWebKit/537.36 (KHTML, like Gecko) Chrome/90.0.4430.85 Safari/537.36"
217.216.38.217 - - [22/Sep/2026:14:53:43 +0300] "GET /wp-includes/theme-previews.php HTTP/1.1" 403 787 "binance.com" "Mozilla/5.0 (Windows NT 10.0; Win64; x64) AppleWebKit/537.36 (KHTML, like Gecko) Chrome/90.0.4430.85 Safari/537.36"
217.216.38.217 - - [22/Sep/2026:14:53:47 +0300] "GET /wp-includes/view-config.php HTTP/1.1" 403 787 "binance.com" "Mozilla/5.0 (Windows NT 10.0; Win64; x64) AppleWebKit/537.36 (KHTML, like Gecko) Chrome/90.0.4430.85 Safari/537.36"
217.216.38.217 - - [22/Sep/2026:14:53:50 +0300] "GET /wp-includes/ID3/ HTTP/1.1" 200 1688 "binance.com" "Mozilla/5.0 (Windows NT 10.0; Win64; x64) AppleWebKit/537.36 (KHTML, like Gecko) Chrome/90.0.4430.85 Safari/537.36"
217.216.38.217 - - [22/Sep/2026:14:53:55 +0300] "GET /wp-includes/PHPMailer/ HTTP/1.1" 200 1384 "binance.com" "Mozilla/5.0 (Windows NT 10.0; Win64; x64) AppleWebKit/537.36 (KHTML, like Gecko) Chrome/90.0.4430.85 Safari/537.36"
217.216.38.217 - - [22/Sep/2026:14:53:56 +0300] "GET /wp-includes/PHPMailer/DSNConfigurator.php HTTP/1.1" 403 787 "binance.com" "Mozilla/5.0 (Windows NT 10.0; Win64; x64) AppleWebKit/537.36 (KHTML, like Gecko) Chrome/90.0.4430.85 Safari/537.36"
217.216.38.217 - - [22/Sep/2026:14:53:57 +0300] "GET /wp-includes/PHPMailer/OAuth.php HTTP/1.1" 403 787 "binance.com" "Mozilla/5.0 (Windows NT 10.0; Win64; x64) AppleWebKit/537.36 (KHTML, like Gecko) Chrome/90.0.4430.85 Safari/537.36"
217.216.38.217 - - [22/Sep/2026:14:54:00 +0300] "GET /wp-includes/Text/ HTTP/1.1" 200 881 "binance.com" "Mozilla/5.0 (Windows NT 10.0; Win64; x64) AppleWebKit/537.36 (KHTML, like Gecko) Chrome/90.0.4430.85 Safari/537.36"
217.216.38.217 - - [22/Sep/2026:14:54:03 +0300] "GET /wp-includes/Text/Diff/ HTTP/1.1" 200 866 "binance.com" "Mozilla/5.0 (Windows NT 10.0; Win64; x64) AppleWebKit/537.36 (KHTML, like Gecko) Chrome/90.0.4430.85 Safari/537.36"
217.216.38.217 - - [22/Sep/2026:14:54:13 +0300] "GET /wp-includes/Text/Diff/Renderer/ HTTP/1.1" 200 785 "binance.com" "Mozilla/5.0 (Windows NT 10.0; Win64; x64) AppleWebKit/537.36 (KHTML, like Gecko) Chrome/90.0.4430.85 Safari/537.36"
217.216.38.217 - - [22/Sep/2026:14:54:16 +0300] "GET /wp-includes/blocks/ HTTP/1.1" 403 787 "binance.com" "Mozilla/5.0 (Windows NT 10.0; Win64; x64) AppleWebKit/537.36 (KHTML, like Gecko) Chrome/90.0.4430.85 Safari/537.36"
161.118.206.255 - - [22/Sep/2026:14:54:15 +0300] "GET /wp-content/includes.php HTTP/1.1" 404 796 "-" "Go-http-client/1.1"
161.118.206.255 - - [22/Sep/2026:14:54:16 +0300] "GET /wp-content/languages/themes/wp-activate.php HTTP/1.1" 404 796 "-" "Go-http-client/1.1"
161.118.206.255 - - [22/Sep/2026:14:54:16 +0300] "GET /wp-content/languages/plugins/load.php HTTP/1.1" 404 796 "-" "Go-http-client/1.1"
161.118.206.255 - - [22/Sep/2026:14:54:16 +0300] "GET /wp-content/global.php HTTP/1.1" 404 796 "-" "Go-http-client/1.1"
161.118.206.255 - - [22/Sep/2026:14:54:16 +0300] "GET /wp-content/core.php HTTP/1.1" 404 796 "-" "Go-http-client/1.1"
161.118.206.255 - - [22/Sep/2026:14:54:17 +0300] "GET /wp-content/updraft/emptydir/config.php HTTP/1.1" 404 796 "-" "Go-http-client/1.1"
217.216.38.217 - - [22/Sep/2026:14:54:17 +0300] "GET /wp-includes/pomo/ HTTP/1.1" 200 1263 "binance.com" "Mozilla/5.0 (Windows NT 10.0; Win64; x64) AppleWebKit/537.36 (KHTML, like Gecko) Chrome/90.0.4430.85 Safari/537.36"
161.118.206.255 - - [22/Sep/2026:14:54:17 +0300] "GET /wp-content/updraft/login.php HTTP/1.1" 404 796 "-" "Go-http-client/1.1"
161.118.206.255 - - [22/Sep/2026:14:54:17 +0300] "GET /wp-content/upgrade-temp-backup/admin.php HTTP/1.1" 404 796 "-" "Go-http-client/1.1"
161.118.206.255 - - [22/Sep/2026:14:54:17 +0300] "GET /wp-content/wflogs/admin.php HTTP/1.1" 404 796 "-" "Go-http-client/1.1"
161.118.206.255 - - [22/Sep/2026:14:54:17 +0300] "GET /wp-content/common.php HTTP/1.1" 404 796 "-" "Go-http-client/1.1"
161.118.206.255 - - [22/Sep/2026:14:54:18 +0300] "GET /wp-content/themes/twentytwenty/admin.php HTTP/1.1" 404 796 "-" "Go-http-client/1.1"
161.118.206.255 - - [22/Sep/2026:14:54:18 +0300] "GET /wp-content/themes/twentytwenty/classes/index.php HTTP/1.1" 404 796 "-" "Go-http-client/1.1"
161.118.206.255 - - [22/Sep/2026:14:54:18 +0300] "GET /wp-includes/images/icon-library/icon-library/custom-fields.php HTTP/1.1" 404 796 "-" "Go-http-client/1.1"
161.118.206.255 - - [22/Sep/2026:14:54:18 +0300] "GET /wp-includes/SimplePie/library/SimplePie/SimplePie/wp-mail.php HTTP/1.1" 404 796 "-" "Go-http-client/1.1"
161.118.206.255 - - [22/Sep/2026:14:54:18 +0300] "GET /wp-includes/Requests/library/library/form-builder.php HTTP/1.1" 404 796 "-" "Go-http-client/1.1"
161.118.206.255 - - [22/Sep/2026:14:54:19 +0300] "GET /wp-includes/blocks/query-total/query-total/query-total/pricing-table.php HTTP/1.1" 404 796 "-" "Go-http-client/1.1"
161.118.206.255 - - [22/Sep/2026:14:54:19 +0300] "GET /wp-includes/blocks/page-list-item/page-list-item/multisite-setup.php HTTP/1.1" 404 796 "-" "Go-http-client/1.1"
161.118.206.255 - - [22/Sep/2026:14:54:19 +0300] "GET /wp-includes/blocks/paragraph/paragraph/paragraph/user-auth.php HTTP/1.1" 404 796 "-" "Go-http-client/1.1"
161.118.206.255 - - [22/Sep/2026:14:54:19 +0300] "GET /wp-admin/includes/bookmark-package.php HTTP/1.1" 404 796 "-" "Go-http-client/1.1"
161.118.206.255 - - [22/Sep/2026:14:54:20 +0300] "GET /wp-includes/connectors-repository.php HTTP/1.1" 404 796 "-" "Go-http-client/1.1"
161.118.206.255 - - [22/Sep/2026:14:54:20 +0300] "GET /worksec.php HTTP/1.1" 404 796 "-" "Go-http-client/1.1"
161.118.206.255 - - [22/Sep/2026:14:54:20 +0300] "GET /wp-content/plugins/firestats/firestats-wordpress.php HTTP/1.1" 404 796 "-" "Go-http-client/1.1"
217.216.38.217 - - [22/Sep/2026:14:54:20 +0300] "GET /wp-includes/sitemaps/ HTTP/1.1" 200 1360 "binance.com" "Mozilla/5.0 (Windows NT 10.0; Win64; x64) AppleWebKit/537.36 (KHTML, like Gecko) Chrome/90.0.4430.85 Safari/537.36"
161.118.206.255 - - [22/Sep/2026:14:54:20 +0300] "GET /wp-content/plugins/subpages-extended/dex.php HTTP/1.1" 404 796 "-" "Go-http-client/1.1"
161.118.206.255 - - [22/Sep/2026:14:54:20 +0300] "GET /wp-content/plugins/subpages-extended/worksec.php HTTP/1.1" 404 796 "-" "Go-http-client/1.1"
161.118.206.255 - - [22/Sep/2026:14:54:21 +0300] "GET /wp-content/plugins/subpages-extended/subpages-widget.php HTTP/1.1" 404 796 "-" "Go-http-client/1.1"
161.118.206.255 - - [22/Sep/2026:14:54:21 +0300] "GET /wp-content/plugins/shadow-bot.php HTTP/1.1" 404 796 "-" "Go-http-client/1.1"
161.118.206.255 - - [22/Sep/2026:14:54:21 +0300] "GET /wp-content/plugins/firestats-installer/installer.php HTTP/1.1" 404 796 "-" "Go-http-client/1.1"
161.118.206.255 - - [22/Sep/2026:14:54:21 +0300] "GET /wp-content/plugins/firestats-installer/dex.php HTTP/1.1" 404 796 "-" "Go-http-client/1.1"
161.118.206.255 - - [22/Sep/2026:14:54:21 +0300] "GET /wp-content/plugins/firestats-installer/worksec.php HTTP/1.1" 404 796 "-" "Go-http-client/1.1"
161.118.206.255 - - [22/Sep/2026:14:54:22 +0300] "GET /wp-content/plugins/remove-query-strings-from-static-resources/remove-query-strings.php HTTP/1.1" 404 796 "-" "Go-http-client/1.1"
161.118.206.255 - - [22/Sep/2026:14:54:22 +0300] "GET /wp-menhu.php HTTP/1.1" 404 796 "-" "Go-http-client/1.1"
161.118.206.255 - - [22/Sep/2026:14:54:22 +0300] "GET /wp-admin/wp-cron.php HTTP/1.1" 404 796 "-" "Go-http-client/1.1"
161.118.206.255 - - [22/Sep/2026:14:54:22 +0300] "GET /wp-admin/includes/attachments/audio/utgrp/admin.php HTTP/1.1" 404 796 "-" "Go-http-client/1.1"
161.118.206.255 - - [22/Sep/2026:14:54:23 +0300] "GET /wp-admin/includes/admin.php HTTP/1.1" 500 0 "-" "Go-http-client/1.1"
161.118.206.255 - - [22/Sep/2026:14:54:23 +0300] "GET /wp-content/module.php HTTP/1.1" 404 796 "-" "Go-http-client/1.1"
161.118.206.255 - - [22/Sep/2026:14:54:23 +0300] "GET /wp-content/data.php HTTP/1.1" 404 796 "-" "Go-http-client/1.1"
161.118.206.255 - - [22/Sep/2026:14:54:23 +0300] "GET /wp-content/plugins/filester/assets/css/404.php HTTP/1.1" 404 796 "-" "Go-http-client/1.1"
161.118.206.255 - - [22/Sep/2026:14:54:23 +0300] "GET /wp-includes/SimplePie/write.php?p= HTTP/1.1" 404 796 "-" "Go-http-client/1.1"
217.216.38.217 - - [22/Sep/2026:14:54:23 +0300] "GET /wp-includes/sitemaps/providers/ HTTP/1.1" 200 950 "binance.com" "Mozilla/5.0 (Windows NT 10.0; Win64; x64) AppleWebKit/537.36 (KHTML, like Gecko) Chrome/90.0.4430.85 Safari/537.36"
161.118.206.255 - - [22/Sep/2026:14:54:24 +0300] "GET /wp-content/plugins/chosen.php HTTP/1.1" 404 796 "-" "Go-http-client/1.1"
161.118.206.255 - - [22/Sep/2026:14:54:24 +0300] "GET /wp-includes/widgets/chosen.php HTTP/1.1" 404 796 "-" "Go-http-client/1.1"
161.118.206.255 - - [22/Sep/2026:14:54:24 +0300] "GET /wp-includes/sodium_compat/autoload_classmap.php HTTP/1.1" 404 796 "-" "Go-http-client/1.1"
161.118.206.255 - - [22/Sep/2026:14:54:24 +0300] "GET /wp-content/plugins/fix/ioxi-o.php HTTP/1.1" 404 796 "-" "Go-http-client/1.1"
161.118.206.255 - - [22/Sep/2026:14:54:24 +0300] "GET /wp-content/themes/twentytwentyone/assets/wp-block.php HTTP/1.1" 404 796 "-" "Go-http-client/1.1"
161.118.206.255 - - [22/Sep/2026:14:54:25 +0300] "GET /wp-includes/blocks/autoload_classmap.php HTTP/1.1" 404 796 "-" "Go-http-client/1.1"
161.118.206.255 - - [22/Sep/2026:14:54:25 +0300] "GET /wp-includes/IXR/wp-conflg.php HTTP/1.1" 404 796 "-" "Go-http-client/1.1"
161.118.206.255 - - [22/Sep/2026:14:54:25 +0300] "GET /wp-content/languages/plugins/about.php HTTP/1.1" 404 796 "-" "Go-http-client/1.1"
161.118.206.255 - - [22/Sep/2026:14:54:25 +0300] "GET /wp-content/languages/plugins/plugin-install.php HTTP/1.1" 404 796 "-" "Go-http-client/1.1"
161.118.206.255 - - [22/Sep/2026:14:54:25 +0300] "GET /wp-content/languages/plugins/config.php HTTP/1.1" 404 796 "-" "Go-http-client/1.1"
161.118.206.255 - - [22/Sep/2026:14:54:26 +0300] "GET /wp-admin/images/chosen.php HTTP/1.1" 404 796 "-" "Go-http-client/1.1"
161.118.206.255 - - [22/Sep/2026:14:54:26 +0300] "GET /wp-includes/blocks/audio/one.php HTTP/1.1" 404 796 "-" "Go-http-client/1.1"
161.118.206.255 - - [22/Sep/2026:14:54:26 +0300] "GET /wp-content/themes/pridmag/index.php HTTP/1.1" 404 796 "-" "Go-http-client/1.1"
161.118.206.255 - - [22/Sep/2026:14:54:26 +0300] "GET /wp-content/wp-rocket-config/chosen.php HTTP/1.1" 404 796 "-" "Go-http-client/1.1"
161.118.206.255 - - [22/Sep/2026:14:54:27 +0300] "GET /wp-content/about.php HTTP/1.1" 404 796 "-" "Go-http-client/1.1"
217.216.38.217 - - [22/Sep/2026:14:54:18 +0300] "GET /wp-includes/pomo/ HTTP/1.1" 200 1263 "binance.com" "Mozilla/5.0 (Windows NT 10.0; Win64; x64) AppleWebKit/537.36 (KHTML, like Gecko) Chrome/90.0.4430.85 Safari/537.36"
217.216.38.217 - - [22/Sep/2026:14:54:19 +0300] "GET /wp-includes/sitemaps/ HTTP/1.1" 200 1360 "binance.com" "Mozilla/5.0 (Windows NT 10.0; Win64; x64) AppleWebKit/537.36 (KHTML, like Gecko) Chrome/90.0.4430.85 Safari/537.36"
217.216.38.217 - - [22/Sep/2026:14:54:21 +0300] "GET /wp-includes/sitemaps/providers/ HTTP/1.1" 200 950 "binance.com" "Mozilla/5.0 (Windows NT 10.0; Win64; x64) AppleWebKit/537.36 (KHTML, like Gecko) Chrome/90.0.4430.85 Safari/537.36"
217.216.38.217 - - [22/Sep/2026:14:54:26 +0300] "GET /wp-includes/widgets/ HTTP/1.1" 200 1765 "binance.com" "Mozilla/5.0 (Windows NT 10.0; Win64; x64) AppleWebKit/537.36 (KHTML, like Gecko) Chrome/90.0.4430.85 Safari/537.36"
217.216.38.217 - - [22/Sep/2026:14:54:27 +0300] "GET /wp-includes/widgets/ HTTP/1.1" 200 1765 "binance.com" "Mozilla/5.0 (Windows NT 10.0; Win64; x64) AppleWebKit/537.36 (KHTML, like Gecko) Chrome/90.0.4430.85 Safari/537.36"
217.216.38.217 - - [22/Sep/2026:14:54:33 +0300] "GET /wp-includes/css/dist/registry.php HTTP/1.1" 403 787 "binance.com" "Mozilla/5.0 (Windows NT 10.0; Win64; x64) AppleWebKit/537.36 (KHTML, like Gecko) Chrome/90.0.4430.85 Safari/537.36"
217.216.38.217 - - [22/Sep/2026:14:54:34 +0300] "GET /wp-includes/fonts/ HTTP/1.1" 200 1446 "binance.com" "Mozilla/5.0 (Windows NT 10.0; Win64; x64) AppleWebKit/537.36 (KHTML, like Gecko) Chrome/90.0.4430.85 Safari/537.36"
217.216.38.217 - - [22/Sep/2026:14:54:36 +0300] "GET /wp-includes/fonts/class-wp-font-collection.php HTTP/1.1" 403 787 "binance.com" "Mozilla/5.0 (Windows NT 10.0; Win64; x64) AppleWebKit/537.36 (KHTML, like Gecko) Chrome/90.0.4430.85 Safari/537.36"
217.216.38.217 - - [22/Sep/2026:14:54:39 +0300] "GET /wp-includes/fonts/class-wp-font-utils.php HTTP/1.1" 403 787 "binance.com" "Mozilla/5.0 (Windows NT 10.0; Win64; x64) AppleWebKit/537.36 (KHTML, like Gecko) Chrome/90.0.4430.85 Safari/537.36"
217.216.38.217 - - [22/Sep/2026:14:55:18 +0300] "GET /wp-includes/images/crystal/ HTTP/1.1" 200 1407 "binance.com" "Mozilla/5.0 (Windows NT 10.0; Win64; x64) AppleWebKit/537.36 (KHTML, like Gecko) Chrome/90.0.4430.85 Safari/537.36"
217.216.38.217 - - [22/Sep/2026:14:55:33 +0300] "GET /wp-includes/images/media/ HTTP/1.1" 200 1473 "binance.com" "Mozilla/5.0 (Windows NT 10.0; Win64; x64) AppleWebKit/537.36 (KHTML, like Gecko) Chrome/90.0.4430.85 Safari/537.36"
217.216.38.217 - - [22/Sep/2026:14:55:52 +0300] "GET /wp-includes/images/smilies/ HTTP/1.1" 200 1692 "binance.com" "Mozilla/5.0 (Windows NT 10.0; Win64; x64) AppleWebKit/537.36 (KHTML, like Gecko) Chrome/90.0.4430.85 Safari/537.36"
217.216.38.217 - - [22/Sep/2026:14:56:50 +0300] "GET /wp-includes/js/plupload/ HTTP/1.1" 200 1402 "binance.com" "Mozilla/5.0 (Windows NT 10.0; Win64; x64) AppleWebKit/537.36 (KHTML, like Gecko) Chrome/90.0.4430.85 Safari/537.36"
217.216.38.217 - - [22/Sep/2026:14:57:02 +0300] "GET /.well-known/ HTTP/1.1" 200 809 "binance.com" "Mozilla/5.0 (Windows NT 10.0; Win64; x64) AppleWebKit/537.36 (KHTML, like Gecko) Chrome/90.0.4430.85 Safari/537.36"
173.252.69.26 - - [22/Sep/2026:15:05:06 +0300] "GET / HTTP/1.1" 200 8376 "-" "facebookexternalhit/1.1 (+http://www.facebook.com/externalhit_uatext.php)"
5.188.86.234 - - [22/Sep/2026:15:06:39 +0300] "GET /wordpress/wp-login.php HTTP/1.1" 404 796 "-" "Mozilla/5.0 (Macintosh; Intel Mac OS X 10_15_7) AppleWebKit/537.36 (KHTML, like Gecko) Chrome/145.0.0.0 Safari/537.36"
161.118.206.255 - - [22/Sep/2026:14:54:27 +0300] "GET /wp-includes/html-api/chosen.php HTTP/1.1" 404 796 "-" "Go-http-client/1.1"
161.118.206.255 - - [22/Sep/2026:14:54:27 +0300] "GET /wp-includes/assets/x.php HTTP/1.1" 404 796 "-" "Go-http-client/1.1"
217.216.38.217 - - [22/Sep/2026:14:54:27 +0300] "GET /wp-includes/widgets/class-wp-widget-block.php HTTP/1.1" 403 787 "binance.com" "Mozilla/5.0 (Windows NT 10.0; Win64; x64) AppleWebKit/537.36 (KHTML, like Gecko) Chrome/90.0.4430.85 Safari/537.36"
217.216.38.217 - - [22/Sep/2026:14:54:29 +0300] "GET /wp-includes/css/ HTTP/1.1" 200 2408 "binance.com" "Mozilla/5.0 (Windows NT 10.0; Win64; x64) AppleWebKit/537.36 (KHTML, like Gecko) Chrome/90.0.4430.85 Safari/537.36"
217.216.38.217 - - [22/Sep/2026:14:54:31 +0300] "GET /wp-includes/css/dist/ HTTP/1.1" 200 1671 "binance.com" "Mozilla/5.0 (Windows NT 10.0; Win64; x64) AppleWebKit/537.36 (KHTML, like Gecko) Chrome/90.0.4430.85 Safari/537.36"
217.216.38.217 - - [22/Sep/2026:14:54:32 +0300] "GET /wp-includes/css/dist/ HTTP/1.1" 200 1671 "binance.com" "Mozilla/5.0 (Windows NT 10.0; Win64; x64) AppleWebKit/537.36 (KHTML, like Gecko) Chrome/90.0.4430.85 Safari/537.36"
217.216.38.217 - - [22/Sep/2026:14:54:35 +0300] "GET /wp-includes/fonts/ HTTP/1.1" 200 1446 "binance.com" "Mozilla/5.0 (Windows NT 10.0; Win64; x64) AppleWebKit/537.36 (KHTML, like Gecko) Chrome/90.0.4430.85 Safari/537.36"
217.216.38.217 - - [22/Sep/2026:14:54:37 +0300] "GET /wp-includes/fonts/class-wp-font-face-resolver.php HTTP/1.1" 403 787 "binance.com" "Mozilla/5.0 (Windows NT 10.0; Win64; x64) AppleWebKit/537.36 (KHTML, like Gecko) Chrome/90.0.4430.85 Safari/537.36"
217.216.38.217 - - [22/Sep/2026:14:54:37 +0300] "GET /wp-includes/fonts/class-wp-font-face.php HTTP/1.1" 403 787 "binance.com" "Mozilla/5.0 (Windows NT 10.0; Win64; x64) AppleWebKit/537.36 (KHTML, like Gecko) Chrome/90.0.4430.85 Safari/537.36"
217.216.38.217 - - [22/Sep/2026:14:54:38 +0300] "GET /wp-includes/fonts/class-wp-font-library.php HTTP/1.1" 403 787 "binance.com" "Mozilla/5.0 (Windows NT 10.0; Win64; x64) AppleWebKit/537.36 (KHTML, like Gecko) Chrome/90.0.4430.85 Safari/537.36"
217.216.38.217 - - [22/Sep/2026:14:55:04 +0300] "GET /wp-includes/images/ HTTP/1.1" 200 2115 "binance.com" "Mozilla/5.0 (Windows NT 10.0; Win64; x64) AppleWebKit/537.36 (KHTML, like Gecko) Chrome/90.0.4430.85 Safari/537.36"
217.216.38.217 - - [22/Sep/2026:14:56:04 +0300] "GET /wp-includes/images/wlw/ HTTP/1.1" 404 796 "binance.com" "Mozilla/5.0 (Windows NT 10.0; Win64; x64) AppleWebKit/537.36 (KHTML, like Gecko) Chrome/90.0.4430.85 Safari/537.36"
217.216.38.217 - - [22/Sep/2026:14:56:15 +0300] "GET /wp-includes/js/%20 HTTP/1.1" 404 796 "binance.com" "Mozilla/5.0 (Windows NT 10.0; Win64; x64) AppleWebKit/537.36 (KHTML, like Gecko) Chrome/90.0.4430.85 Safari/537.36"
217.216.38.217 - - [22/Sep/2026:14:56:34 +0300] "GET /wp-includes/js/codemirror/ HTTP/1.1" 200 1336 "binance.com" "Mozilla/5.0 (Windows NT 10.0; Win64; x64) AppleWebKit/537.36 (KHTML, like Gecko) Chrome/90.0.4430.85 Safari/537.36"
173.252.82.63 - - [22/Sep/2026:15:05:05 +0300] "GET /robots.txt HTTP/1.1" 404 796 "-" "facebookexternalhit/1.1 (+http://www.facebook.com/externalhit_uatext.php)"
98.98.79.165 - - [22/Sep/2026:15:57:36 +0300] "GET /wp-login.php HTTP/1.1" 200 0 "-" "Mozilla/5.0"
89.252.162.138 - - [22/Sep/2026:15:58:32 +0300] "POST /wp-cron.php?doing_wp_cron=1790081912.2822430133819580078125 HTTP/1.1" 200 0 "-" "WordPress/7.1.1; https://altinkayamarble.com"
91.92.241.196 - - [22/Sep/2026:16:41:17 +0300] "GET /.git/config HTTP/1.1" 403 787 "-" "Mozilla/5.0 (Windows NT 10.0; Win64; x64) AppleWebKit/537.36"
198.235.24.240 - - [22/Sep/2026:17:35:48 +0300] "GET / HTTP/1.1" 200 8372 "-" "Hello from Palo Alto Networks, find out more about our scans in https://docs-cortex.paloaltonetworks.com/r/1/Cortex-Xpanse/Scanning-activity"
43.156.36.169 - - [22/Sep/2026:17:42:14 +0300] "GET / HTTP/1.1" 200 2074 "-" "Mozilla/5.0 (iPhone; CPU iPhone OS 13_2_3 like Mac OS X) AppleWebKit/605.1.15 (KHTML, like Gecko) Version/13.0.3 Mobile/15E148 Safari/604.1"
43.157.22.57 - - [22/Sep/2026:17:45:24 +0300] "GET /wp-cron.php HTTP/1.1" 200 0 "-" "Mozilla/5.0 (iPhone; CPU iPhone OS 13_2_3 like Mac OS X) AppleWebKit/605.1.15 (KHTML, like Gecko) Version/13.0.3 Mobile/15E148 Safari/604.1"
43.166.247.82 - - [22/Sep/2026:18:25:22 +0300] "GET /license.txt HTTP/1.1" 200 7276 "-" "Mozilla/5.0 (iPhone; CPU iPhone OS 13_2_3 like Mac OS X) AppleWebKit/605.1.15 (KHTML, like Gecko) Version/13.0.3 Mobile/15E148 Safari/604.1"
23.248.192.114 - - [22/Sep/2026:15:53:40 +0300] "GET / HTTP/1.1" 200 2071 "-" "Mozilla/5.0 (Windows NT 10.0; Win64; x64) AppleWebKit/537.36 (KHTML, like Gecko) Chrome/124.0 Safari/537.36"
91.92.241.196 - - [22/Sep/2026:16:41:16 +0300] "GET /.git/HEAD HTTP/1.1" 403 787 "-" "Mozilla/5.0 (Windows NT 10.0; Win64; x64) AppleWebKit/537.36"
8.235.56.111 - - [22/Sep/2026:17:10:10 +0300] "GET / HTTP/1.1" 200 8372 "-" "Mozilla/5.0 (Windows NT 10.0; Win64; x64) AppleWebKit/537.36 (KHTML, like Gecko) Chrome/89.0.4389.114 Safari/537.36"
8.235.56.111 - - [22/Sep/2026:17:10:10 +0300] "GET / HTTP/1.1" 200 8372 "-" "Mozilla/5.0 (Windows NT 10.0; Win64; x64) AppleWebKit/537.36 (KHTML, like Gecko) Chrome/89.0.4389.114 Safari/537.36"
8.235.56.111 - - [22/Sep/2026:17:10:11 +0300] "GET /wp-includes/wlwmanifest.xml HTTP/1.1" 404 796 "-" "Mozilla/5.0 (Windows NT 10.0; Win64; x64) AppleWebKit/537.36 (KHTML, like Gecko) Chrome/89.0.4389.114 Safari/537.36"
89.252.162.138 - - [22/Sep/2026:17:11:06 +0300] "POST /wp-cron.php?doing_wp_cron=1790086265.9272260665893554687500 HTTP/1.1" 200 0 "-" "WordPress/7.1.1; https://altinkayamarble.com"
8.235.56.111 - - [22/Sep/2026:17:10:11 +0300] "GET /xmlrpc.php?rsd HTTP/1.1" 200 828 "-" "Mozilla/5.0 (Windows NT 10.0; Win64; x64) AppleWebKit/537.36 (KHTML, like Gecko) Chrome/89.0.4389.114 Safari/537.36"
8.235.56.111 - - [22/Sep/2026:17:11:06 +0300] "GET /?author=1 HTTP/1.1" 200 8372 "-" "Mozilla/5.0 (Windows NT 10.0; Win64; x64) AppleWebKit/537.36 (KHTML, like Gecko) Chrome/89.0.4389.114 Safari/537.36"
8.235.56.111 - - [22/Sep/2026:17:11:06 +0300] "GET /?author=2 HTTP/1.1" 200 8372 "-" "Mozilla/5.0 (Windows NT 10.0; Win64; x64) AppleWebKit/537.36 (KHTML, like Gecko) Chrome/89.0.4389.114 Safari/537.36"
8.235.56.111 - - [22/Sep/2026:17:11:07 +0300] "GET /?author=3 HTTP/1.1" 200 8372 "-" "Mozilla/5.0 (Windows NT 10.0; Win64; x64) AppleWebKit/537.36 (KHTML, like Gecko) Chrome/89.0.4389.114 Safari/537.36"
8.235.56.111 - - [22/Sep/2026:17:11:07 +0300] "GET /wp-json/wp/v2/users/ HTTP/1.1" 404 796 "-" "Mozilla/5.0 (Windows NT 10.0; Win64; x64) AppleWebKit/537.36 (KHTML, like Gecko) Chrome/89.0.4389.114 Safari/537.36"
8.235.56.111 - - [22/Sep/2026:17:11:07 +0300] "GET /wp-json/oembed/1.0/embed?url=http://altinkayamarble.com HTTP/1.1" 404 796 "-" "Mozilla/5.0 (Windows NT 10.0; Win64; x64) AppleWebKit/537.36 (KHTML, like Gecko) Chrome/89.0.4389.114 Safari/537.36"
8.235.56.111 - - [22/Sep/2026:17:11:07 +0300] "POST /xmlrpc.php HTTP/1.1" 200 796 "-" "Mozilla/5.0 (Windows NT 10.0; Win64; x64) AppleWebKit/537.36 (KHTML, like Gecko) Chrome/89.0.4389.114 Safari/537.36"
150.109.46.88 - - [22/Sep/2026:17:54:30 +0300] "GET /wp-blog-header.php HTTP/1.1" 404 0 "-" "Mozilla/5.0 (iPhone; CPU iPhone OS 13_2_3 like Mac OS X) AppleWebKit/605.1.15 (KHTML, like Gecko) Version/13.0.3 Mobile/15E148 Safari/604.1"
43.130.34.74 - - [22/Sep/2026:18:15:41 +0300] "GET /assets.php HTTP/1.1" 200 3804 "-" "Mozilla/5.0 (iPhone; CPU iPhone OS 13_2_3 like Mac OS X) AppleWebKit/605.1.15 (KHTML, like Gecko) Version/13.0.3 Mobile/15E148 Safari/604.1"
89.252.162.138 - - [22/Sep/2026:18:35:40 +0300] "POST /wp-cron.php?doing_wp_cron=1790091340.2350409030914306640625 HTTP/1.1" 200 0 "-" "WordPress/7.1.2; https://altinkayamarble.com"
43.160.219.138 - - [22/Sep/2026:18:45:03 +0300] "GET /wp-content/ HTTP/1.1" 200 0 "-" "Mozilla/5.0 (iPhone; CPU iPhone OS 13_2_3 like Mac OS X) AppleWebKit/605.1.15 (KHTML, like Gecko) Version/13.0.3 Mobile/15E148 Safari/604.1"
43.133.91.48 - - [22/Sep/2026:18:54:44 +0300] "GET /assets.php?fileloc=/home/altinkayamarble/public_html/wp-links-opml.php&path=/home/altinkayamarble/public_html HTTP/1.1" 200 3802 "-" "Mozilla/5.0 (iPhone; CPU iPhone OS 13_2_3 like Mac OS X) AppleWebKit/605.1.15 (KHTML, like Gecko) Version/13.0.3 Mobile/15E148 Safari/604.1"
43.157.179.227 - - [22/Sep/2026:18:34:46 +0300] "GET /wp-load.php HTTP/1.1" 200 0 "-" "Mozilla/5.0 (iPhone; CPU iPhone OS 13_2_3 like Mac OS X) AppleWebKit/605.1.15 (KHTML, like Gecko) Version/13.0.3 Mobile/15E148 Safari/604.1"